{"id":5868,"date":"2025-10-18T17:12:22","date_gmt":"2025-10-18T20:12:22","guid":{"rendered":"https:\/\/bmsolucoesedu.com.br\/portal\/?post_type=product&#038;p=5868"},"modified":"2026-08-04T07:51:53","modified_gmt":"2026-08-04T10:51:53","slug":"raizes-da-terra","status":"publish","type":"product","link":"https:\/\/bmsolucoesedu.com.br\/portal\/produtos\/raizes-da-terra\/","title":{"rendered":"RA\u00cdZES DA TERRA"},"content":{"rendered":"<p>Uma obra de at\u00e9 180 p\u00e1ginas que transforma a sala de aula em um espa\u00e7o de descobertas, integrando conte\u00fados pedag\u00f3gicos alinhados \u00e0 BNCC com experi\u00eancias sensoriais inovadoras \u2014 v\u00eddeos imersivos, visualiza\u00e7\u00f5es 3D, narrativas sonoras e depoimentos aut\u00eanticos acess\u00edveis por QR Code. Desenvolvida em parceria com criadores e autores locais, o projeto \u00e9 estruturada em 3 a 8 unidades repletas de atividades l\u00fadicas e desafiadoras que potencializam o aprendizado significativo. Cada estudante recebe um exemplar personalizado, enquanto a editora oferece capacita\u00e7\u00e3o presencial aos educadores, consolidando um legado que celebra a identidade cultural do munic\u00edpio e eterniza o compromisso da gest\u00e3o p\u00fablica com a excel\u00eancia educacional.<\/p>\n","protected":false},"excerpt":{"rendered":"<p>Uma obra de at\u00e9 180 p\u00e1ginas que transforma a sala de aula em um espa\u00e7o de descobertas, integrando conte\u00fados pedag\u00f3gicos alinhados \u00e0 BNCC com experi\u00eancias sensoriais inovadoras \u2014 v\u00eddeos imersivos, visualiza\u00e7\u00f5es 3D, narrativas sonoras e depoimentos aut\u00eanticos acess\u00edveis por QR Code. Desenvolvida em parceria com criadores e autores locais, o projeto \u00e9 estruturada em 3 a 8 unidades repletas de atividades l\u00fadicas e desafiadoras que potencializam o aprendizado significativo. Cada estudante recebe um exemplar personalizado, enquanto a editora oferece capacita\u00e7\u00e3o presencial aos educadores, consolidando um legado que celebra a identidade cultural do munic\u00edpio e eterniza o compromisso da gest\u00e3o p\u00fablica com a excel\u00eancia educacional.<\/p>\n","protected":false},"featured_media":6836,"template":"","meta":[],"product_brand":[],"product_cat":[540],"product_tag":[1509,211],"class_list":{"0":"post-5868","1":"product","2":"type-product","3":"status-publish","4":"has-post-thumbnail","6":"product_cat-projetos","7":"product_tag-i271","8":"product_tag-inex","9":"pa_item-i271","10":"pa_marca-aima","11":"pa_n-ata-i271","12":"wcpv_product_vendors-editora-aima-ltda","14":"first","15":"instock","16":"shipping-taxable","17":"purchasable","18":"product-type-simple"},"_links":{"self":[{"href":"https:\/\/bmsolucoesedu.com.br\/portal\/wp-json\/wp\/v2\/product\/5868","targetHints":{"allow":["GET"]}}],"collection":[{"href":"https:\/\/bmsolucoesedu.com.br\/portal\/wp-json\/wp\/v2\/product"}],"about":[{"href":"https:\/\/bmsolucoesedu.com.br\/portal\/wp-json\/wp\/v2\/types\/product"}],"wp:featuredmedia":[{"embeddable":true,"href":"https:\/\/bmsolucoesedu.com.br\/portal\/wp-json\/wp\/v2\/media\/6836"}],"wp:attachment":[{"href":"https:\/\/bmsolucoesedu.com.br\/portal\/wp-json\/wp\/v2\/media?parent=5868"}],"wp:term":[{"taxonomy":"product_brand","embeddable":true,"href":"https:\/\/bmsolucoesedu.com.br\/portal\/wp-json\/wp\/v2\/product_brand?post=5868"},{"taxonomy":"product_cat","embeddable":true,"href":"https:\/\/bmsolucoesedu.com.br\/portal\/wp-json\/wp\/v2\/product_cat?post=5868"},{"taxonomy":"product_tag","embeddable":true,"href":"https:\/\/bmsolucoesedu.com.br\/portal\/wp-json\/wp\/v2\/product_tag?post=5868"}],"curies":[{"name":"wp","href":"https:\/\/api.w.org\/{rel}","templated":true}]}}

RAÍZES DA TERRA

<p>Uma obra de até 180 páginas que transforma a sala de aula em um espaço de descobertas, integrando conteúdos pedagógicos alinhados à BNCC com experiências sensoriais inovadoras — vídeos imersivos, visualizações 3D, narrativas sonoras e depoimentos autênticos acessíveis por QR Code. Desenvolvida em parceria com criadores e autores locais, o projeto é estruturada em 3 a 8 unidades repletas de atividades lúdicas e desafiadoras que potencializam o aprendizado significativo. Cada estudante recebe um exemplar personalizado, enquanto a editora oferece capacitação presencial aos educadores, consolidando um legado que celebra a identidade cultural do município e eterniza o compromisso da gestão pública com a excelência educacional.</p>
