{"id":5812,"date":"2025-10-18T17:12:07","date_gmt":"2025-10-18T20:12:07","guid":{"rendered":"https:\/\/bmsolucoesedu.com.br\/portal\/?post_type=product&#038;p=5812"},"modified":"2025-10-18T19:32:27","modified_gmt":"2025-10-18T22:32:27","slug":"lem-impresso-ef2-basico-9-ano-fundamental","status":"publish","type":"product","link":"https:\/\/bmsolucoesedu.com.br\/portal\/produtos\/lem-impresso-ef2-basico-9-ano-fundamental\/","title":{"rendered":"LEM &#8211; Impresso &#8211; EF2 &#8211; B\u00e1sico &#8211; 9\u00b0 ano Fundamental"},"content":{"rendered":"<p>Ao longo do Ensino Fundamental II, os adolescentes passam por uma s\u00e9rie de mudan\u00e7as relacionadas a aspectos f\u00edsicos, cognitivos, afetivos, sociais e emocionais, entre outros. Essas mudan\u00e7as imp\u00f5em desafios ao professor, no cumprimento do seu papel em rela\u00e7\u00e3o \u00e0 forma\u00e7\u00e3o das novas gera\u00e7\u00f5es. \u00c9 importante preservar seu compromisso de estimular a reflex\u00e3o e a an\u00e1lise aprofundada, e tamb\u00e9m contribuir para o desenvolvimento, no estudante, de compet\u00eancias socioemocionais, para o delineamento de seu projeto de vida. Nessa dire\u00e7\u00e3o, fundamentado em teorias do desenvolvimento humano, O L\u00edder em Mim \u00e9 um processo desenvolvido para promover mudan\u00e7as de paradigmas com profundo impacto em alunos e educadores, por meio de uma educa\u00e7\u00e3o socioemocional, em outras palavras, o ensino de Compet\u00eancias de Lideran\u00e7a, para que estudantes se tornem protagonistas de suas pr\u00f3prias vidas e da transforma\u00e7\u00e3o da sociedade.<\/p>\n","protected":false},"excerpt":{"rendered":"<p>Ao longo do Ensino Fundamental II, os adolescentes passam por uma s\u00e9rie de mudan\u00e7as relacionadas a aspectos f\u00edsicos, cognitivos, afetivos, sociais e emocionais, entre outros. Essas mudan\u00e7as imp\u00f5em desafios ao professor, no cumprimento do seu papel em rela\u00e7\u00e3o \u00e0 forma\u00e7\u00e3o das novas gera\u00e7\u00f5es. \u00c9 importante preservar seu compromisso de estimular a reflex\u00e3o e a an\u00e1lise aprofundada, e tamb\u00e9m contribuir para o desenvolvimento, no estudante, de compet\u00eancias socioemocionais, para o delineamento de seu projeto de vida. Nessa dire\u00e7\u00e3o, fundamentado em teorias do desenvolvimento humano, O L\u00edder em Mim \u00e9 um processo desenvolvido para promover mudan\u00e7as de paradigmas com profundo impacto em alunos e educadores, por meio de uma educa\u00e7\u00e3o socioemocional, em outras palavras, o ensino de Compet\u00eancias de Lideran\u00e7a, para que estudantes se tornem protagonistas de suas pr\u00f3prias vidas e da transforma\u00e7\u00e3o da sociedade.<\/p>\n","protected":false},"featured_media":5900,"template":"","meta":[],"product_brand":[],"product_cat":[967],"product_tag":[1440,211],"class_list":{"0":"post-5812","1":"product","2":"type-product","3":"status-publish","4":"has-post-thumbnail","6":"product_cat-material-didatico","7":"product_tag-i158","8":"product_tag-inex","9":"pa_item-i158","10":"pa_marca-saber","11":"pa_n-ata-i158","12":"wcpv_product_vendors-saber-educacao","14":"first","15":"instock","16":"shipping-taxable","17":"purchasable","18":"product-type-simple"},"_links":{"self":[{"href":"https:\/\/bmsolucoesedu.com.br\/portal\/wp-json\/wp\/v2\/product\/5812","targetHints":{"allow":["GET"]}}],"collection":[{"href":"https:\/\/bmsolucoesedu.com.br\/portal\/wp-json\/wp\/v2\/product"}],"about":[{"href":"https:\/\/bmsolucoesedu.com.br\/portal\/wp-json\/wp\/v2\/types\/product"}],"wp:featuredmedia":[{"embeddable":true,"href":"https:\/\/bmsolucoesedu.com.br\/portal\/wp-json\/wp\/v2\/media\/5900"}],"wp:attachment":[{"href":"https:\/\/bmsolucoesedu.com.br\/portal\/wp-json\/wp\/v2\/media?parent=5812"}],"wp:term":[{"taxonomy":"product_brand","embeddable":true,"href":"https:\/\/bmsolucoesedu.com.br\/portal\/wp-json\/wp\/v2\/product_brand?post=5812"},{"taxonomy":"product_cat","embeddable":true,"href":"https:\/\/bmsolucoesedu.com.br\/portal\/wp-json\/wp\/v2\/product_cat?post=5812"},{"taxonomy":"product_tag","embeddable":true,"href":"https:\/\/bmsolucoesedu.com.br\/portal\/wp-json\/wp\/v2\/product_tag?post=5812"}],"curies":[{"name":"wp","href":"https:\/\/api.w.org\/{rel}","templated":true}]}}