{"id":5650,"date":"2025-05-21T17:37:56","date_gmt":"2025-05-21T20:37:56","guid":{"rendered":"https:\/\/bmsolucoesedu.com.br\/portal\/?post_type=product&#038;p=5650"},"modified":"2025-10-18T16:31:46","modified_gmt":"2025-10-18T19:31:46","slug":"formacao-bncc-computacao","status":"publish","type":"product","link":"https:\/\/bmsolucoesedu.com.br\/portal\/produtos\/formacao-bncc-computacao\/","title":{"rendered":"FORMACAO BNCC COMPUTACAO"},"content":{"rendered":"<p>Orienta\u00e7\u00e3o de gestores e professores da Educa\u00e7\u00e3o B\u00e1sica para a organiza\u00e7\u00e3o e implementa\u00e7\u00e3o da BNCC Computa\u00e7\u00e3o no munic\u00edpio, de modo a garantir uma abordagem estruturada e alinhada \u00e0s compet\u00eancias gerais e espec\u00edficas previstas na Base Nacional Comum Curricular (BNCC), bem como na Legisla\u00e7\u00e3o e Normas vigentes.<\/p>\n","protected":false},"excerpt":{"rendered":"<p>Orienta\u00e7\u00e3o de gestores e professores da Educa\u00e7\u00e3o B\u00e1sica para a organiza\u00e7\u00e3o e implementa\u00e7\u00e3o da BNCC Computa\u00e7\u00e3o no munic\u00edpio, de modo a garantir uma abordagem estruturada e alinhada \u00e0s compet\u00eancias gerais e espec\u00edficas previstas na Base Nacional Comum Curricular (BNCC), bem como na Legisla\u00e7\u00e3o e Normas vigentes.<\/p>\n","protected":false},"featured_media":5708,"template":"","meta":[],"product_brand":[],"product_cat":[195],"product_tag":[1420,211],"class_list":{"0":"post-5650","1":"product","2":"type-product","3":"status-publish","4":"has-post-thumbnail","6":"product_cat-servicos","7":"product_tag-i232","8":"product_tag-inex","9":"pa_item-i232","10":"pa_marca-propria1","11":"pa_n-ata-i232","12":"wcpv_product_vendors-saber-educacao","14":"first","15":"instock","16":"shipping-taxable","17":"purchasable","18":"product-type-simple"},"_links":{"self":[{"href":"https:\/\/bmsolucoesedu.com.br\/portal\/wp-json\/wp\/v2\/product\/5650","targetHints":{"allow":["GET"]}}],"collection":[{"href":"https:\/\/bmsolucoesedu.com.br\/portal\/wp-json\/wp\/v2\/product"}],"about":[{"href":"https:\/\/bmsolucoesedu.com.br\/portal\/wp-json\/wp\/v2\/types\/product"}],"wp:featuredmedia":[{"embeddable":true,"href":"https:\/\/bmsolucoesedu.com.br\/portal\/wp-json\/wp\/v2\/media\/5708"}],"wp:attachment":[{"href":"https:\/\/bmsolucoesedu.com.br\/portal\/wp-json\/wp\/v2\/media?parent=5650"}],"wp:term":[{"taxonomy":"product_brand","embeddable":true,"href":"https:\/\/bmsolucoesedu.com.br\/portal\/wp-json\/wp\/v2\/product_brand?post=5650"},{"taxonomy":"product_cat","embeddable":true,"href":"https:\/\/bmsolucoesedu.com.br\/portal\/wp-json\/wp\/v2\/product_cat?post=5650"},{"taxonomy":"product_tag","embeddable":true,"href":"https:\/\/bmsolucoesedu.com.br\/portal\/wp-json\/wp\/v2\/product_tag?post=5650"}],"curies":[{"name":"wp","href":"https:\/\/api.w.org\/{rel}","templated":true}]}}