{"id":5631,"date":"2025-05-21T17:37:40","date_gmt":"2025-05-21T20:37:40","guid":{"rendered":"https:\/\/bmsolucoesedu.com.br\/portal\/?post_type=product&#038;p=5631"},"modified":"2025-05-21T18:02:44","modified_gmt":"2025-05-21T21:02:44","slug":"ler-e-brincar-de-imaginar","status":"publish","type":"product","link":"https:\/\/bmsolucoesedu.com.br\/portal\/produtos\/ler-e-brincar-de-imaginar\/","title":{"rendered":"LER \u00c9 BRINCAR DE IMAGINAR"},"content":{"rendered":"<p>80 Livros de diversos formatos e temas &#8211; Acompanha 1 Livro do Educador &#8211; 1 Ba\u00fa adesivado com as seguintes especifica\u00e7\u00f5es: Tamanho: 56,5&#215;39,5&#215;34 cm 50 l Tipo de material: polipropileno adesivado Tonalidade: incolor Al\u00e7a: embutida \u2013 pl\u00e1stica<\/p>\n","protected":false},"excerpt":{"rendered":"<p>80 Livros de diversos formatos e temas &#8211; Acompanha 1 Livro do Educador &#8211; 1 Ba\u00fa adesivado com as seguintes especifica\u00e7\u00f5es: Tamanho: 56,5&#215;39,5&#215;34 cm 50 l Tipo de material: polipropileno adesivado Tonalidade: incolor Al\u00e7a: embutida \u2013 pl\u00e1stica<\/p>\n","protected":false},"featured_media":5689,"template":"","meta":[],"product_brand":[],"product_cat":[540],"product_tag":[1373,211],"class_list":{"0":"post-5631","1":"product","2":"type-product","3":"status-publish","4":"has-post-thumbnail","6":"product_cat-projetos","7":"product_tag-i144","8":"product_tag-inex","9":"pa_item-i144","10":"pa_marca-vale-das-letras","11":"pa_n-ata-i144","12":"wcpv_product_vendors-vale-das-letras","14":"first","15":"instock","16":"shipping-taxable","17":"purchasable","18":"product-type-simple"},"_links":{"self":[{"href":"https:\/\/bmsolucoesedu.com.br\/portal\/wp-json\/wp\/v2\/product\/5631","targetHints":{"allow":["GET"]}}],"collection":[{"href":"https:\/\/bmsolucoesedu.com.br\/portal\/wp-json\/wp\/v2\/product"}],"about":[{"href":"https:\/\/bmsolucoesedu.com.br\/portal\/wp-json\/wp\/v2\/types\/product"}],"wp:featuredmedia":[{"embeddable":true,"href":"https:\/\/bmsolucoesedu.com.br\/portal\/wp-json\/wp\/v2\/media\/5689"}],"wp:attachment":[{"href":"https:\/\/bmsolucoesedu.com.br\/portal\/wp-json\/wp\/v2\/media?parent=5631"}],"wp:term":[{"taxonomy":"product_brand","embeddable":true,"href":"https:\/\/bmsolucoesedu.com.br\/portal\/wp-json\/wp\/v2\/product_brand?post=5631"},{"taxonomy":"product_cat","embeddable":true,"href":"https:\/\/bmsolucoesedu.com.br\/portal\/wp-json\/wp\/v2\/product_cat?post=5631"},{"taxonomy":"product_tag","embeddable":true,"href":"https:\/\/bmsolucoesedu.com.br\/portal\/wp-json\/wp\/v2\/product_tag?post=5631"}],"curies":[{"name":"wp","href":"https:\/\/api.w.org\/{rel}","templated":true}]}}