{"id":5612,"date":"2025-05-20T19:12:51","date_gmt":"2025-05-20T22:12:51","guid":{"rendered":"https:\/\/bmsolucoesedu.com.br\/portal\/?post_type=product&#038;p=5612"},"modified":"2025-05-21T10:10:39","modified_gmt":"2025-05-21T13:10:39","slug":"projeto-recicle-bem","status":"publish","type":"product","link":"https:\/\/bmsolucoesedu.com.br\/portal\/produtos\/projeto-recicle-bem\/","title":{"rendered":"PROJETO RECICLE BEM"},"content":{"rendered":"<p>O Programa Recicle Bem, Fa\u00e7a o Bem \u00e9 um programa pioneiro de reciclagem correta destinado \u00e0s institui\u00e7\u00f5es de ensino, fornecendo o ciclo completo da cadeia de reciclagem. Somos uma empresa especializada na linha de uniformes escolares e profissionais que atua no ramo da confec\u00e7\u00e3o t\u00eaxtil h\u00e1 mais de 14 anos, preocupada com o destino correto dos res\u00edduos s\u00f3lidos, o programa foi criado com o objetivo de desenvolver projetos educacionais ligados a \u00e1rea de sustentabilidade e educa\u00e7\u00e3o ambiental, onde visa conscientizar e estimular a reciclagem e separa\u00e7\u00e3o correta dos res\u00edduos s\u00f3lidos gerando uma esp\u00e9cie de \u201ctroca\u201d. <\/p>\n","protected":false},"excerpt":{"rendered":"<p>O Programa Recicle Bem, Fa\u00e7a o Bem \u00e9 um programa pioneiro de reciclagem correta destinado \u00e0s institui\u00e7\u00f5es de ensino, fornecendo o ciclo completo da cadeia de reciclagem. Somos uma empresa especializada na linha de uniformes escolares e profissionais que atua no ramo da confec\u00e7\u00e3o t\u00eaxtil h\u00e1 mais de 14 anos, preocupada com o destino correto dos res\u00edduos s\u00f3lidos, o programa foi criado com o objetivo de desenvolver projetos educacionais ligados a \u00e1rea de sustentabilidade e educa\u00e7\u00e3o ambiental, onde visa conscientizar e estimular a reciclagem e separa\u00e7\u00e3o correta dos res\u00edduos s\u00f3lidos gerando uma esp\u00e9cie de \u201ctroca\u201d. <\/p>\n","protected":false},"featured_media":5617,"template":"","meta":[],"product_brand":[],"product_cat":[540],"product_tag":[1362,211],"class_list":{"0":"post-5612","1":"product","2":"type-product","3":"status-publish","4":"has-post-thumbnail","6":"product_cat-projetos","7":"product_tag-i182","8":"product_tag-inex","9":"pa_item-i182","10":"pa_marca-encantus","11":"pa_n-ata-i182","12":"wcpv_product_vendors-encanttus","14":"first","15":"instock","16":"shipping-taxable","17":"purchasable","18":"product-type-variable"},"_links":{"self":[{"href":"https:\/\/bmsolucoesedu.com.br\/portal\/wp-json\/wp\/v2\/product\/5612","targetHints":{"allow":["GET"]}}],"collection":[{"href":"https:\/\/bmsolucoesedu.com.br\/portal\/wp-json\/wp\/v2\/product"}],"about":[{"href":"https:\/\/bmsolucoesedu.com.br\/portal\/wp-json\/wp\/v2\/types\/product"}],"wp:featuredmedia":[{"embeddable":true,"href":"https:\/\/bmsolucoesedu.com.br\/portal\/wp-json\/wp\/v2\/media\/5617"}],"wp:attachment":[{"href":"https:\/\/bmsolucoesedu.com.br\/portal\/wp-json\/wp\/v2\/media?parent=5612"}],"wp:term":[{"taxonomy":"product_brand","embeddable":true,"href":"https:\/\/bmsolucoesedu.com.br\/portal\/wp-json\/wp\/v2\/product_brand?post=5612"},{"taxonomy":"product_cat","embeddable":true,"href":"https:\/\/bmsolucoesedu.com.br\/portal\/wp-json\/wp\/v2\/product_cat?post=5612"},{"taxonomy":"product_tag","embeddable":true,"href":"https:\/\/bmsolucoesedu.com.br\/portal\/wp-json\/wp\/v2\/product_tag?post=5612"}],"curies":[{"name":"wp","href":"https:\/\/api.w.org\/{rel}","templated":true}]}}