{"id":5598,"date":"2025-05-20T14:18:52","date_gmt":"2025-05-20T17:18:52","guid":{"rendered":"https:\/\/bmsolucoesedu.com.br\/portal\/?post_type=product&#038;p=5598"},"modified":"2025-05-20T14:36:32","modified_gmt":"2025-05-20T17:36:32","slug":"projeto-pedagogico-inclusoteca","status":"publish","type":"product","link":"https:\/\/bmsolucoesedu.com.br\/portal\/produtos\/projeto-pedagogico-inclusoteca\/","title":{"rendered":"Projeto Pedag\u00f3gico Inclusoteca"},"content":{"rendered":"<p>Acervo composto por 90 livros especiais para atender aos alunos, impressos em letra ampliada, com simbologia gr\u00e1fica, livros sonoros, livros com texturas e encaixes, livros t\u00e9cnicos que garantem suporte espec\u00edfico para professores, psicopedagogos e o educadores que trabalham direto com os alunos com necessidades especiais. Jogos pedag\u00f3gicos que valorizam os aspectos l\u00fadicos, a criatividade e o desenvolvimento de estrat\u00e9gias de l\u00f3gica e pensamento, adaptados para atender alunos inclu\u00eddos, jogos com texturas, em braile e libras. Acompanha m\u00f3vel em madeira com medidas aproximadas de 1,50 de altura, 0,75 de largura, 0,35 de profundidade para guardar todo o material do acervo.<\/p>\n","protected":false},"excerpt":{"rendered":"<p>Acervo composto por 90 livros especiais para atender aos alunos, impressos em letra ampliada, com simbologia gr\u00e1fica, livros sonoros, livros com texturas e encaixes, livros t\u00e9cnicos que garantem suporte espec\u00edfico para professores, psicopedagogos e o educadores que trabalham direto com os alunos com necessidades especiais. Jogos pedag\u00f3gicos que valorizam os aspectos l\u00fadicos, a criatividade e o desenvolvimento de estrat\u00e9gias de l\u00f3gica e pensamento, adaptados para atender alunos inclu\u00eddos, jogos com texturas, em braile e libras. Acompanha m\u00f3vel em madeira com medidas aproximadas de 1,50 de altura, 0,75 de largura, 0,35 de profundidade para guardar todo o material do acervo.<\/p>\n","protected":false},"featured_media":5608,"template":"","meta":[],"product_brand":[],"product_cat":[540],"product_tag":[890,211],"class_list":{"0":"post-5598","1":"product","2":"type-product","3":"status-publish","4":"has-post-thumbnail","6":"product_cat-projetos","7":"product_tag-i001","8":"product_tag-inex","9":"pa_item-i001","10":"pa_marca-pae-editora","11":"pa_n-ata-i001","12":"wcpv_product_vendors-pae-editora-e-distribuidora-de-livros-ltda","14":"first","15":"instock","16":"shipping-taxable","17":"purchasable","18":"product-type-simple"},"_links":{"self":[{"href":"https:\/\/bmsolucoesedu.com.br\/portal\/wp-json\/wp\/v2\/product\/5598","targetHints":{"allow":["GET"]}}],"collection":[{"href":"https:\/\/bmsolucoesedu.com.br\/portal\/wp-json\/wp\/v2\/product"}],"about":[{"href":"https:\/\/bmsolucoesedu.com.br\/portal\/wp-json\/wp\/v2\/types\/product"}],"wp:featuredmedia":[{"embeddable":true,"href":"https:\/\/bmsolucoesedu.com.br\/portal\/wp-json\/wp\/v2\/media\/5608"}],"wp:attachment":[{"href":"https:\/\/bmsolucoesedu.com.br\/portal\/wp-json\/wp\/v2\/media?parent=5598"}],"wp:term":[{"taxonomy":"product_brand","embeddable":true,"href":"https:\/\/bmsolucoesedu.com.br\/portal\/wp-json\/wp\/v2\/product_brand?post=5598"},{"taxonomy":"product_cat","embeddable":true,"href":"https:\/\/bmsolucoesedu.com.br\/portal\/wp-json\/wp\/v2\/product_cat?post=5598"},{"taxonomy":"product_tag","embeddable":true,"href":"https:\/\/bmsolucoesedu.com.br\/portal\/wp-json\/wp\/v2\/product_tag?post=5598"}],"curies":[{"name":"wp","href":"https:\/\/api.w.org\/{rel}","templated":true}]}}