{"id":4731,"date":"2025-05-14T13:47:27","date_gmt":"2025-05-14T16:47:27","guid":{"rendered":"https:\/\/bmsolucoesedu.com.br\/portal\/?post_type=product&#038;p=4731"},"modified":"2025-05-26T16:51:52","modified_gmt":"2025-05-26T19:51:52","slug":"numeros-e-quantidade-em-braille","status":"publish","type":"product","link":"https:\/\/bmsolucoesedu.com.br\/portal\/produtos\/numeros-e-quantidade-em-braille\/","title":{"rendered":"N\u00fameros e quantidade em Braille"},"content":{"rendered":"<p>Conjunto composto por 10 caixas confeccionadas em pl\u00e1stico polipropileno at\u00f3xico de alto brilho. Cada caixa dever\u00e1 possuir na sua tampa, n\u00fameros de 1 a 10 em Braile e os correspondentes em algarismos ar\u00e1bicos. No interior de cada caixa, dever\u00e1 trazer objetos iguais em quantidade correspondente ao n\u00famero escrito na tampa. Dever\u00e1 ser acondicionado em caixa de madeira. Dever\u00e1 possuir certifica\u00e7\u00e3o ABNT NBR NM 300-1 e ABNT NBR NM 300-3. Dimens\u00f5es com toler\u00e2ncia de +\/- 5%.<\/p>\n","protected":false},"excerpt":{"rendered":"<p>Conjunto composto por 10 caixas confeccionadas em pl\u00e1stico polipropileno at\u00f3xico de alto brilho. Cada caixa dever\u00e1 possuir na sua tampa, n\u00fameros de 1 a 10 em Braile e os correspondentes em algarismos ar\u00e1bicos. No interior de cada caixa, dever\u00e1 trazer objetos iguais em quantidade correspondente ao n\u00famero escrito na tampa. Dever\u00e1 ser acondicionado em caixa de madeira. Dever\u00e1 possuir certifica\u00e7\u00e3o ABNT NBR NM 300-1 e ABNT NBR NM 300-3. Dimens\u00f5es com toler\u00e2ncia de +\/- 5%.<\/p>\n","protected":false},"featured_media":4944,"template":"","meta":[],"product_brand":[],"product_cat":[192],"product_tag":[1129],"class_list":{"0":"post-4731","1":"product","2":"type-product","3":"status-publish","4":"has-post-thumbnail","6":"product_cat-brinquedos","7":"product_tag-a260","8":"pa_item-586","9":"pa_lote-574","10":"pa_marca-brink-mobil","11":"pa_n-ata-10-2025","12":"pa_pregao-eletronico-por-registro-de-precos-no-04-2025","13":"pa_processo-licitatorio-06-2025","14":"wcpv_product_vendors-brink-mobil-equipamentos-educacionais-ltda","16":"first","17":"instock","18":"shipping-taxable","19":"purchasable","20":"product-type-simple"},"_links":{"self":[{"href":"https:\/\/bmsolucoesedu.com.br\/portal\/wp-json\/wp\/v2\/product\/4731","targetHints":{"allow":["GET"]}}],"collection":[{"href":"https:\/\/bmsolucoesedu.com.br\/portal\/wp-json\/wp\/v2\/product"}],"about":[{"href":"https:\/\/bmsolucoesedu.com.br\/portal\/wp-json\/wp\/v2\/types\/product"}],"wp:featuredmedia":[{"embeddable":true,"href":"https:\/\/bmsolucoesedu.com.br\/portal\/wp-json\/wp\/v2\/media\/4944"}],"wp:attachment":[{"href":"https:\/\/bmsolucoesedu.com.br\/portal\/wp-json\/wp\/v2\/media?parent=4731"}],"wp:term":[{"taxonomy":"product_brand","embeddable":true,"href":"https:\/\/bmsolucoesedu.com.br\/portal\/wp-json\/wp\/v2\/product_brand?post=4731"},{"taxonomy":"product_cat","embeddable":true,"href":"https:\/\/bmsolucoesedu.com.br\/portal\/wp-json\/wp\/v2\/product_cat?post=4731"},{"taxonomy":"product_tag","embeddable":true,"href":"https:\/\/bmsolucoesedu.com.br\/portal\/wp-json\/wp\/v2\/product_tag?post=4731"}],"curies":[{"name":"wp","href":"https:\/\/api.w.org\/{rel}","templated":true}]}}