{"id":4638,"date":"2025-05-14T11:54:03","date_gmt":"2025-05-14T14:54:03","guid":{"rendered":"https:\/\/bmsolucoesedu.com.br\/portal\/?post_type=product&#038;p=4638"},"modified":"2025-05-14T11:56:00","modified_gmt":"2025-05-14T14:56:00","slug":"tesoura-de-ponta-arredondada","status":"publish","type":"product","link":"https:\/\/bmsolucoesedu.com.br\/portal\/produtos\/tesoura-de-ponta-arredondada\/","title":{"rendered":"Tesoura de ponta arredondada"},"content":{"rendered":"<p>Cabo confeccionado 100% polipropileno, colorido, olhais com formato anat\u00f4mico, laminas de corte em a\u00e7o inoxid\u00e1vel com chapa de 1,2mm de espessura, corte limpo e eficiente. Comprimento m\u00ednimo de 130 mm, contendo a marca do fabricante gravada em uma faces.<\/p>\n","protected":false},"excerpt":{"rendered":"<p>Cabo confeccionado 100% polipropileno, colorido, olhais com formato anat\u00f4mico, laminas de corte em a\u00e7o inoxid\u00e1vel com chapa de 1,2mm de espessura, corte limpo e eficiente. Comprimento m\u00ednimo de 130 mm, contendo a marca do fabricante gravada em uma faces.<\/p>\n","protected":false},"featured_media":4840,"template":"","meta":[],"product_brand":[],"product_cat":[868],"product_tag":[1100],"class_list":{"0":"post-4638","1":"product","2":"type-product","3":"status-publish","4":"has-post-thumbnail","6":"product_cat-material-escolar","7":"product_tag-a254","8":"pa_item-362","9":"pa_lote-422","10":"pa_marca-brink-mobil","11":"pa_n-ata-03-2025","12":"pa_pregao-eletronico-por-registro-de-precos-no-02-2025","13":"pa_processo-licitatorio-02-2025","14":"wcpv_product_vendors-brink-mobil-equipamentos-educacionais-ltda","16":"first","17":"instock","18":"shipping-taxable","19":"purchasable","20":"product-type-simple"},"_links":{"self":[{"href":"https:\/\/bmsolucoesedu.com.br\/portal\/wp-json\/wp\/v2\/product\/4638","targetHints":{"allow":["GET"]}}],"collection":[{"href":"https:\/\/bmsolucoesedu.com.br\/portal\/wp-json\/wp\/v2\/product"}],"about":[{"href":"https:\/\/bmsolucoesedu.com.br\/portal\/wp-json\/wp\/v2\/types\/product"}],"wp:featuredmedia":[{"embeddable":true,"href":"https:\/\/bmsolucoesedu.com.br\/portal\/wp-json\/wp\/v2\/media\/4840"}],"wp:attachment":[{"href":"https:\/\/bmsolucoesedu.com.br\/portal\/wp-json\/wp\/v2\/media?parent=4638"}],"wp:term":[{"taxonomy":"product_brand","embeddable":true,"href":"https:\/\/bmsolucoesedu.com.br\/portal\/wp-json\/wp\/v2\/product_brand?post=4638"},{"taxonomy":"product_cat","embeddable":true,"href":"https:\/\/bmsolucoesedu.com.br\/portal\/wp-json\/wp\/v2\/product_cat?post=4638"},{"taxonomy":"product_tag","embeddable":true,"href":"https:\/\/bmsolucoesedu.com.br\/portal\/wp-json\/wp\/v2\/product_tag?post=4638"}],"curies":[{"name":"wp","href":"https:\/\/api.w.org\/{rel}","templated":true}]}}