{"id":4586,"date":"2025-05-14T11:53:57","date_gmt":"2025-05-14T14:53:57","guid":{"rendered":"https:\/\/bmsolucoesedu.com.br\/portal\/?post_type=product&#038;p=4586"},"modified":"2025-05-14T11:55:42","modified_gmt":"2025-05-14T14:55:42","slug":"caderno-de-desenho-96-folhas","status":"publish","type":"product","link":"https:\/\/bmsolucoesedu.com.br\/portal\/produtos\/caderno-de-desenho-96-folhas\/","title":{"rendered":"Caderno de desenho 96 folhas"},"content":{"rendered":"<p>Miolo sem impress\u00e3o e sem seda, cademo contendo 96 folhas \u00fateis, formato 275 x 200 mm. Capa e contracapa dura em papel\u00e3o gramatura m\u00ednima de 680g\/m\u00b2, revestido com couch\u00ea 115g\/m\u00b2 e papel offset branco com 120g\/m\u00b3. Miolo em papel offset com gramatura minima 63g\/m\u00b2, acabamento em espiral met\u00e1lico com revestimento nylon preto 1,0mm.<\/p>\n","protected":false},"excerpt":{"rendered":"<p>Miolo sem impress\u00e3o e sem seda, cademo contendo 96 folhas \u00fateis, formato 275 x 200 mm. Capa e contracapa dura em papel\u00e3o gramatura m\u00ednima de 680g\/m\u00b2, revestido com couch\u00ea 115g\/m\u00b2 e papel offset branco com 120g\/m\u00b3. Miolo em papel offset com gramatura minima 63g\/m\u00b2, acabamento em espiral met\u00e1lico com revestimento nylon preto 1,0mm.<\/p>\n","protected":false},"featured_media":4818,"template":"","meta":[],"product_brand":[],"product_cat":[868],"product_tag":[1100],"class_list":{"0":"post-4586","1":"product","2":"type-product","3":"status-publish","4":"has-post-thumbnail","6":"product_cat-material-escolar","7":"product_tag-a254","8":"pa_item-230","9":"pa_lote-422","10":"pa_marca-brink-mobil","11":"pa_n-ata-03-2025","12":"pa_pregao-eletronico-por-registro-de-precos-no-02-2025","13":"pa_processo-licitatorio-02-2025","14":"wcpv_product_vendors-brink-mobil-equipamentos-educacionais-ltda","16":"first","17":"instock","18":"shipping-taxable","19":"purchasable","20":"product-type-simple"},"_links":{"self":[{"href":"https:\/\/bmsolucoesedu.com.br\/portal\/wp-json\/wp\/v2\/product\/4586","targetHints":{"allow":["GET"]}}],"collection":[{"href":"https:\/\/bmsolucoesedu.com.br\/portal\/wp-json\/wp\/v2\/product"}],"about":[{"href":"https:\/\/bmsolucoesedu.com.br\/portal\/wp-json\/wp\/v2\/types\/product"}],"wp:featuredmedia":[{"embeddable":true,"href":"https:\/\/bmsolucoesedu.com.br\/portal\/wp-json\/wp\/v2\/media\/4818"}],"wp:attachment":[{"href":"https:\/\/bmsolucoesedu.com.br\/portal\/wp-json\/wp\/v2\/media?parent=4586"}],"wp:term":[{"taxonomy":"product_brand","embeddable":true,"href":"https:\/\/bmsolucoesedu.com.br\/portal\/wp-json\/wp\/v2\/product_brand?post=4586"},{"taxonomy":"product_cat","embeddable":true,"href":"https:\/\/bmsolucoesedu.com.br\/portal\/wp-json\/wp\/v2\/product_cat?post=4586"},{"taxonomy":"product_tag","embeddable":true,"href":"https:\/\/bmsolucoesedu.com.br\/portal\/wp-json\/wp\/v2\/product_tag?post=4586"}],"curies":[{"name":"wp","href":"https:\/\/api.w.org\/{rel}","templated":true}]}}