{"id":3852,"date":"2025-05-08T08:06:22","date_gmt":"2025-05-08T11:06:22","guid":{"rendered":"https:\/\/bmsolucoesedu.com.br\/portal\/?post_type=product&#038;p=3852"},"modified":"2025-10-18T16:30:55","modified_gmt":"2025-10-18T19:30:55","slug":"portuguesa-8","status":"publish","type":"product","link":"https:\/\/bmsolucoesedu.com.br\/portal\/produtos\/portuguesa-8\/","title":{"rendered":"REVER Portuguesa 8"},"content":{"rendered":"<p>Dando sequ\u00eancia aos estudos sobre os sentidos dos textos, aqui, o foco est\u00e1 nas grandes hist\u00f3rias, no comportamento emocional, no direito do consumidor e na inclus\u00e3o social. Analisa-se coes\u00e3o textual, fun\u00e7\u00e3o e flex\u00e3o dos adjetivos, variedades lingu\u00edsticas e concord\u00e2ncia verbal e nominal.<\/p>\n","protected":false},"excerpt":{"rendered":"<p>Dando sequ\u00eancia aos estudos sobre os sentidos dos textos, aqui, o foco est\u00e1 nas grandes hist\u00f3rias, no comportamento emocional, no direito do consumidor e na inclus\u00e3o social. Analisa-se coes\u00e3o textual, fun\u00e7\u00e3o e flex\u00e3o dos adjetivos, variedades lingu\u00edsticas e concord\u00e2ncia verbal e nominal.<\/p>\n","protected":false},"featured_media":5770,"template":"","meta":[],"product_brand":[],"product_cat":[195],"product_tag":[1119,211],"class_list":{"0":"post-3852","1":"product","2":"type-product","3":"status-publish","4":"has-post-thumbnail","6":"product_cat-servicos","7":"product_tag-i224","8":"product_tag-inex","9":"pa_item-i224","10":"pa_marca-cei","11":"pa_n-ata-i224","12":"wcpv_product_vendors-cei-editora-e-distribuidora-ltda","14":"first","15":"instock","16":"shipping-taxable","17":"purchasable","18":"product-type-simple"},"_links":{"self":[{"href":"https:\/\/bmsolucoesedu.com.br\/portal\/wp-json\/wp\/v2\/product\/3852","targetHints":{"allow":["GET"]}}],"collection":[{"href":"https:\/\/bmsolucoesedu.com.br\/portal\/wp-json\/wp\/v2\/product"}],"about":[{"href":"https:\/\/bmsolucoesedu.com.br\/portal\/wp-json\/wp\/v2\/types\/product"}],"wp:featuredmedia":[{"embeddable":true,"href":"https:\/\/bmsolucoesedu.com.br\/portal\/wp-json\/wp\/v2\/media\/5770"}],"wp:attachment":[{"href":"https:\/\/bmsolucoesedu.com.br\/portal\/wp-json\/wp\/v2\/media?parent=3852"}],"wp:term":[{"taxonomy":"product_brand","embeddable":true,"href":"https:\/\/bmsolucoesedu.com.br\/portal\/wp-json\/wp\/v2\/product_brand?post=3852"},{"taxonomy":"product_cat","embeddable":true,"href":"https:\/\/bmsolucoesedu.com.br\/portal\/wp-json\/wp\/v2\/product_cat?post=3852"},{"taxonomy":"product_tag","embeddable":true,"href":"https:\/\/bmsolucoesedu.com.br\/portal\/wp-json\/wp\/v2\/product_tag?post=3852"}],"curies":[{"name":"wp","href":"https:\/\/api.w.org\/{rel}","templated":true}]}}