{"id":3539,"date":"2025-05-07T20:37:30","date_gmt":"2025-05-07T23:37:30","guid":{"rendered":"https:\/\/bmsolucoesedu.com.br\/portal\/?post_type=product&#038;p=3539"},"modified":"2025-05-07T20:38:08","modified_gmt":"2025-05-07T23:38:08","slug":"playground-safari","status":"publish","type":"product","link":"https:\/\/bmsolucoesedu.com.br\/portal\/produtos\/playground-safari\/","title":{"rendered":"Playground Safari"},"content":{"rendered":"<p>Composto por materiais de alta resist\u00eancia, numa integra\u00e7\u00e3o incluindo madeira pl\u00e1stica refor\u00e7ada com rotomoldado. Contendo 8 p\u00e9s de madeira pl\u00e1stica com as dimens\u00f5es m\u00ednimas 90mm x 90mm x 3m. Possui dois decks suspensos em forma de plataforma confeccionados em polietileno rotomoldado, apresentando desenhos e ranhuras em sua superf\u00edcie para estimular a imagina\u00e7\u00e3o e proporcionar uma experi\u00eancia sensorial envolvente para as crian\u00e7as com dimens\u00f5es de 95cm x 95cm.<\/p>\n","protected":false},"excerpt":{"rendered":"<p>Composto por materiais de alta resist\u00eancia, numa integra\u00e7\u00e3o incluindo madeira pl\u00e1stica refor\u00e7ada com rotomoldado. Contendo 8 p\u00e9s de madeira pl\u00e1stica com as dimens\u00f5es m\u00ednimas 90mm x 90mm x 3m. Possui dois decks suspensos em forma de plataforma confeccionados em polietileno rotomoldado, apresentando desenhos e ranhuras em sua superf\u00edcie para estimular a imagina\u00e7\u00e3o e proporcionar uma experi\u00eancia sensorial envolvente para as crian\u00e7as com dimens\u00f5es de 95cm x 95cm.<\/p>\n","protected":false},"featured_media":3890,"template":"","meta":[],"product_brand":[],"product_cat":[632],"product_tag":[1081],"class_list":{"0":"post-3539","1":"product","2":"type-product","3":"status-publish","4":"has-post-thumbnail","6":"product_cat-playgrounds","7":"product_tag-a242","8":"pa_item-227","9":"pa_lote-422","10":"pa_marca-dom-park","11":"pa_n-ata-01-2025","12":"pa_pregao-eletronico-por-registro-de-precos-no-07-2024","13":"pa_processo-licitatorio-07-2024","14":"wcpv_product_vendors-dom-park","16":"first","17":"instock","18":"shipping-taxable","19":"purchasable","20":"product-type-simple"},"_links":{"self":[{"href":"https:\/\/bmsolucoesedu.com.br\/portal\/wp-json\/wp\/v2\/product\/3539","targetHints":{"allow":["GET"]}}],"collection":[{"href":"https:\/\/bmsolucoesedu.com.br\/portal\/wp-json\/wp\/v2\/product"}],"about":[{"href":"https:\/\/bmsolucoesedu.com.br\/portal\/wp-json\/wp\/v2\/types\/product"}],"wp:featuredmedia":[{"embeddable":true,"href":"https:\/\/bmsolucoesedu.com.br\/portal\/wp-json\/wp\/v2\/media\/3890"}],"wp:attachment":[{"href":"https:\/\/bmsolucoesedu.com.br\/portal\/wp-json\/wp\/v2\/media?parent=3539"}],"wp:term":[{"taxonomy":"product_brand","embeddable":true,"href":"https:\/\/bmsolucoesedu.com.br\/portal\/wp-json\/wp\/v2\/product_brand?post=3539"},{"taxonomy":"product_cat","embeddable":true,"href":"https:\/\/bmsolucoesedu.com.br\/portal\/wp-json\/wp\/v2\/product_cat?post=3539"},{"taxonomy":"product_tag","embeddable":true,"href":"https:\/\/bmsolucoesedu.com.br\/portal\/wp-json\/wp\/v2\/product_tag?post=3539"}],"curies":[{"name":"wp","href":"https:\/\/api.w.org\/{rel}","templated":true}]}}