{"id":3538,"date":"2025-05-07T20:37:30","date_gmt":"2025-05-07T23:37:30","guid":{"rendered":"https:\/\/bmsolucoesedu.com.br\/portal\/?post_type=product&#038;p=3538"},"modified":"2025-05-07T20:38:08","modified_gmt":"2025-05-07T23:38:08","slug":"kit-playground-praca-safari","status":"publish","type":"product","link":"https:\/\/bmsolucoesedu.com.br\/portal\/produtos\/kit-playground-praca-safari\/","title":{"rendered":"Kit playground pra\u00e7a safari"},"content":{"rendered":"<p>\u00c9 composto por quatro torres, oferecendo uma estrutura de suporte constru\u00edda com colunas de madeira pl\u00e1stica refor\u00e7ada, que combina durabilidade com uma apar\u00eancia semelhante \u00e0 madeira natural. Cada base possui dimens\u00f5es m\u00ednimas de 90 mm x 90 mm, garantindo estabilidade e robustez.<\/p>\n","protected":false},"excerpt":{"rendered":"<p>\u00c9 composto por quatro torres, oferecendo uma estrutura de suporte constru\u00edda com colunas de madeira pl\u00e1stica refor\u00e7ada, que combina durabilidade com uma apar\u00eancia semelhante \u00e0 madeira natural. Cada base possui dimens\u00f5es m\u00ednimas de 90 mm x 90 mm, garantindo estabilidade e robustez.<\/p>\n","protected":false},"featured_media":3889,"template":"","meta":[],"product_brand":[],"product_cat":[632],"product_tag":[1081],"class_list":{"0":"post-3538","1":"product","2":"type-product","3":"status-publish","4":"has-post-thumbnail","6":"product_cat-playgrounds","7":"product_tag-a242","8":"pa_item-216","9":"pa_lote-422","10":"pa_marca-dom-park","11":"pa_n-ata-01-2025","12":"pa_pregao-eletronico-por-registro-de-precos-no-07-2024","13":"pa_processo-licitatorio-07-2024","14":"wcpv_product_vendors-dom-park","16":"first","17":"instock","18":"shipping-taxable","19":"purchasable","20":"product-type-simple"},"_links":{"self":[{"href":"https:\/\/bmsolucoesedu.com.br\/portal\/wp-json\/wp\/v2\/product\/3538","targetHints":{"allow":["GET"]}}],"collection":[{"href":"https:\/\/bmsolucoesedu.com.br\/portal\/wp-json\/wp\/v2\/product"}],"about":[{"href":"https:\/\/bmsolucoesedu.com.br\/portal\/wp-json\/wp\/v2\/types\/product"}],"wp:featuredmedia":[{"embeddable":true,"href":"https:\/\/bmsolucoesedu.com.br\/portal\/wp-json\/wp\/v2\/media\/3889"}],"wp:attachment":[{"href":"https:\/\/bmsolucoesedu.com.br\/portal\/wp-json\/wp\/v2\/media?parent=3538"}],"wp:term":[{"taxonomy":"product_brand","embeddable":true,"href":"https:\/\/bmsolucoesedu.com.br\/portal\/wp-json\/wp\/v2\/product_brand?post=3538"},{"taxonomy":"product_cat","embeddable":true,"href":"https:\/\/bmsolucoesedu.com.br\/portal\/wp-json\/wp\/v2\/product_cat?post=3538"},{"taxonomy":"product_tag","embeddable":true,"href":"https:\/\/bmsolucoesedu.com.br\/portal\/wp-json\/wp\/v2\/product_tag?post=3538"}],"curies":[{"name":"wp","href":"https:\/\/api.w.org\/{rel}","templated":true}]}}