{"id":3240,"date":"2025-03-06T19:42:47","date_gmt":"2025-03-06T22:42:47","guid":{"rendered":"https:\/\/bmsolucoesedu.com.br\/portal\/?post_type=product&#038;p=3240"},"modified":"2025-08-29T09:33:32","modified_gmt":"2025-08-29T12:33:32","slug":"saraiva-liv-prosinha-vol2-al","status":"publish","type":"product","link":"https:\/\/bmsolucoesedu.com.br\/portal\/produtos\/saraiva-liv-prosinha-vol2-al\/","title":{"rendered":"SARAIVA LIV PROSINHA VOL2 AL"},"content":{"rendered":"<p>A cole\u00e7\u00e3o Prosinha \u00e9 um projeto de Educa\u00e7\u00e3o Infantil que leva em conta os direitos da crian\u00e7a na sociedade contempor\u00e2nea e privilegia o ensino para a forma\u00e7\u00e3o de um aluno ativo, pensante e aberto a experi\u00eancias e descobertas. \u00c9 composta de tr\u00eas n\u00edveis, divididos em duas partes. Livros do n\u00edvel 3 em formato vertical, visando facilitar a transi\u00e7\u00e3o para o 1\u00ba ano do Ensino Fundamental.<\/p>\n","protected":false},"excerpt":{"rendered":"<p>A cole\u00e7\u00e3o Prosinha \u00e9 um projeto de Educa\u00e7\u00e3o Infantil que leva em conta os direitos da crian\u00e7a na sociedade contempor\u00e2nea e privilegia o ensino para a forma\u00e7\u00e3o de um aluno ativo, pensante e aberto a experi\u00eancias e descobertas. \u00c9 composta de tr\u00eas n\u00edveis, divididos em duas partes. Livros do n\u00edvel 3 em formato vertical, visando facilitar a transi\u00e7\u00e3o para o 1\u00ba ano do Ensino Fundamental.<\/p>\n","protected":false},"featured_media":3245,"template":"","meta":[],"product_brand":[],"product_cat":[961],"product_tag":[962,211],"class_list":{"0":"post-3240","1":"product","2":"type-product","3":"status-publish","4":"has-post-thumbnail","6":"product_cat-material-pedagogico","7":"product_tag-i102","8":"product_tag-inex","9":"pa_item-i102","10":"pa_marca-saraiva","11":"pa_n-ata-i102","12":"wcpv_product_vendors-saber-educacao","14":"first","15":"instock","16":"shipping-taxable","17":"purchasable","18":"product-type-simple"},"_links":{"self":[{"href":"https:\/\/bmsolucoesedu.com.br\/portal\/wp-json\/wp\/v2\/product\/3240","targetHints":{"allow":["GET"]}}],"collection":[{"href":"https:\/\/bmsolucoesedu.com.br\/portal\/wp-json\/wp\/v2\/product"}],"about":[{"href":"https:\/\/bmsolucoesedu.com.br\/portal\/wp-json\/wp\/v2\/types\/product"}],"wp:featuredmedia":[{"embeddable":true,"href":"https:\/\/bmsolucoesedu.com.br\/portal\/wp-json\/wp\/v2\/media\/3245"}],"wp:attachment":[{"href":"https:\/\/bmsolucoesedu.com.br\/portal\/wp-json\/wp\/v2\/media?parent=3240"}],"wp:term":[{"taxonomy":"product_brand","embeddable":true,"href":"https:\/\/bmsolucoesedu.com.br\/portal\/wp-json\/wp\/v2\/product_brand?post=3240"},{"taxonomy":"product_cat","embeddable":true,"href":"https:\/\/bmsolucoesedu.com.br\/portal\/wp-json\/wp\/v2\/product_cat?post=3240"},{"taxonomy":"product_tag","embeddable":true,"href":"https:\/\/bmsolucoesedu.com.br\/portal\/wp-json\/wp\/v2\/product_tag?post=3240"}],"curies":[{"name":"wp","href":"https:\/\/api.w.org\/{rel}","templated":true}]}}