{"id":3136,"date":"2025-03-06T06:52:33","date_gmt":"2025-03-06T09:52:33","guid":{"rendered":"https:\/\/bmsolucoesedu.com.br\/portal\/?post_type=product&#038;p=3136"},"modified":"2025-03-06T06:53:17","modified_gmt":"2025-03-06T09:53:17","slug":"lapis-de-cor","status":"publish","type":"product","link":"https:\/\/bmsolucoesedu.com.br\/portal\/produtos\/lapis-de-cor\/","title":{"rendered":"L\u00e1pis de Cor"},"content":{"rendered":"<p>Caixa com 12 cores, tipo cilindro ou sextavado, com mina composta de pigmentos aglutinados e com pol\u00edmeros at\u00f3xicos e aditivos, corpo composto de pol\u00edmeros at\u00f3xicos, novos e reciclados. Revestimento com recobrimento polim\u00e9rico pigmentado que d\u00e1 cor ao l\u00e1pis (sendo que a cor do l\u00e1pis dever\u00e1 indicar a cor da mina) e recobrimento polim\u00e9rico transparente que d\u00e1 brilho ao l\u00e1pis, grava\u00e7\u00e3o pelo sistema de transfer\u00eancia t\u00e9rmica que identifica o fabricante e tipo de produto. O produto dever\u00e1 ser fabricado pelo processo de extrus\u00e3o termopl\u00e1stica e ter a dimens\u00e3o de 175,0 mm (+ ou \u2013 0,1 mm), di\u00e2metro do corpo 7,0 mm (+ ou \u2013 0,1 mm) e di\u00e2metro da mina 2,8 mm (+ ou \u2013 0,1 mm).<\/p>\n","protected":false},"excerpt":{"rendered":"<p>Caixa com 12 cores, tipo cilindro ou sextavado, com mina composta de pigmentos aglutinados e com pol\u00edmeros at\u00f3xicos e aditivos, corpo composto de pol\u00edmeros at\u00f3xicos, novos e reciclados. Revestimento com recobrimento polim\u00e9rico pigmentado que d\u00e1 cor ao l\u00e1pis (sendo que a cor do l\u00e1pis dever\u00e1 indicar a cor da mina) e recobrimento polim\u00e9rico transparente que d\u00e1 brilho ao l\u00e1pis, grava\u00e7\u00e3o pelo sistema de transfer\u00eancia t\u00e9rmica que identifica o fabricante e tipo de produto. O produto dever\u00e1 ser fabricado pelo processo de extrus\u00e3o termopl\u00e1stica e ter a dimens\u00e3o de 175,0 mm (+ ou \u2013 0,1 mm), di\u00e2metro do corpo 7,0 mm (+ ou \u2013 0,1 mm) e di\u00e2metro da mina 2,8 mm (+ ou \u2013 0,1 mm).<\/p>\n","protected":false},"featured_media":4155,"template":"","meta":[],"product_brand":[],"product_cat":[868],"product_tag":[924],"class_list":{"0":"post-3136","1":"product","2":"type-product","3":"status-publish","4":"has-post-thumbnail","6":"product_cat-material-escolar","7":"product_tag-a229","8":"pa_item-428","9":"pa_lote-422","10":"pa_marca-marca-propria","11":"pa_n-ata-069-2024","12":"pa_pregao-eletronico-por-registro-de-precos-no-309-2024","13":"pa_processo-licitatorio-24-0-000054617-4","14":"wcpv_product_vendors-brasil-comercio-e-distribuidora-ltda","16":"first","17":"instock","18":"shipping-taxable","19":"purchasable","20":"product-type-simple"},"_links":{"self":[{"href":"https:\/\/bmsolucoesedu.com.br\/portal\/wp-json\/wp\/v2\/product\/3136","targetHints":{"allow":["GET"]}}],"collection":[{"href":"https:\/\/bmsolucoesedu.com.br\/portal\/wp-json\/wp\/v2\/product"}],"about":[{"href":"https:\/\/bmsolucoesedu.com.br\/portal\/wp-json\/wp\/v2\/types\/product"}],"wp:featuredmedia":[{"embeddable":true,"href":"https:\/\/bmsolucoesedu.com.br\/portal\/wp-json\/wp\/v2\/media\/4155"}],"wp:attachment":[{"href":"https:\/\/bmsolucoesedu.com.br\/portal\/wp-json\/wp\/v2\/media?parent=3136"}],"wp:term":[{"taxonomy":"product_brand","embeddable":true,"href":"https:\/\/bmsolucoesedu.com.br\/portal\/wp-json\/wp\/v2\/product_brand?post=3136"},{"taxonomy":"product_cat","embeddable":true,"href":"https:\/\/bmsolucoesedu.com.br\/portal\/wp-json\/wp\/v2\/product_cat?post=3136"},{"taxonomy":"product_tag","embeddable":true,"href":"https:\/\/bmsolucoesedu.com.br\/portal\/wp-json\/wp\/v2\/product_tag?post=3136"}],"curies":[{"name":"wp","href":"https:\/\/api.w.org\/{rel}","templated":true}]}}