{"id":3094,"date":"2025-03-05T16:22:36","date_gmt":"2025-03-05T19:22:36","guid":{"rendered":"https:\/\/bmsolucoesedu.com.br\/portal\/?post_type=product&#038;p=3094"},"modified":"2025-03-05T16:23:54","modified_gmt":"2025-03-05T19:23:54","slug":"cadeira-escolar-com-prancheta-frontal-regulavel","status":"publish","type":"product","link":"https:\/\/bmsolucoesedu.com.br\/portal\/produtos\/cadeira-escolar-com-prancheta-frontal-regulavel\/","title":{"rendered":"CADEIRA ESCOLAR COM PRANCHETA FRONTAL REGUL\u00c1VEL"},"content":{"rendered":"<p>Cadeira Escolar com prancheta frontal regul\u00e1vel fixadas sem parafusos, sustentada por  tubo 25mm x 25mm com espessura de 1,9mm ambos inteiri\u00e7os, sem emendas, dobrados pelo processo de conforma\u00e7\u00e3o, posicionados sob a prancheta, ligados a estrutura da cadeira sem m\u00e3o francesa.<\/p>\n","protected":false},"excerpt":{"rendered":"<p>Cadeira Escolar com prancheta frontal regul\u00e1vel fixadas sem parafusos, sustentada por  tubo 25mm x 25mm com espessura de 1,9mm ambos inteiri\u00e7os, sem emendas, dobrados pelo processo de conforma\u00e7\u00e3o, posicionados sob a prancheta, ligados a estrutura da cadeira sem m\u00e3o francesa.<\/p>\n","protected":false},"featured_media":4576,"template":"","meta":[],"product_brand":[],"product_cat":[198],"product_tag":[910],"class_list":{"0":"post-3094","1":"product","2":"type-product","3":"status-publish","4":"has-post-thumbnail","6":"product_cat-mobiliario","7":"product_tag-a227","8":"pa_item-225","9":"pa_lote-556","10":"pa_marca-solucao-industria-e-comercio-de-moveis-ltda","11":"pa_n-ata-0048-2024","12":"pa_pregao-eletronico-por-registro-de-precos-no-0044-2024","13":"pa_processo-licitatorio-0048-2024","14":"wcpv_product_vendors-solucao-industria-e-comercio-de-moveis-ltda","16":"first","17":"instock","18":"shipping-taxable","19":"purchasable","20":"product-type-simple"},"_links":{"self":[{"href":"https:\/\/bmsolucoesedu.com.br\/portal\/wp-json\/wp\/v2\/product\/3094","targetHints":{"allow":["GET"]}}],"collection":[{"href":"https:\/\/bmsolucoesedu.com.br\/portal\/wp-json\/wp\/v2\/product"}],"about":[{"href":"https:\/\/bmsolucoesedu.com.br\/portal\/wp-json\/wp\/v2\/types\/product"}],"wp:featuredmedia":[{"embeddable":true,"href":"https:\/\/bmsolucoesedu.com.br\/portal\/wp-json\/wp\/v2\/media\/4576"}],"wp:attachment":[{"href":"https:\/\/bmsolucoesedu.com.br\/portal\/wp-json\/wp\/v2\/media?parent=3094"}],"wp:term":[{"taxonomy":"product_brand","embeddable":true,"href":"https:\/\/bmsolucoesedu.com.br\/portal\/wp-json\/wp\/v2\/product_brand?post=3094"},{"taxonomy":"product_cat","embeddable":true,"href":"https:\/\/bmsolucoesedu.com.br\/portal\/wp-json\/wp\/v2\/product_cat?post=3094"},{"taxonomy":"product_tag","embeddable":true,"href":"https:\/\/bmsolucoesedu.com.br\/portal\/wp-json\/wp\/v2\/product_tag?post=3094"}],"curies":[{"name":"wp","href":"https:\/\/api.w.org\/{rel}","templated":true}]}}