{"id":1865,"date":"2024-10-10T14:35:35","date_gmt":"2024-10-10T17:35:35","guid":{"rendered":"https:\/\/bmsolucoesedu.com.br\/portal\/?post_type=product&#038;p=1865"},"modified":"2025-01-21T20:06:35","modified_gmt":"2025-01-21T23:06:35","slug":"cantinho-da-leitura-luxo-ii","status":"publish","type":"product","link":"https:\/\/bmsolucoesedu.com.br\/portal\/produtos\/cantinho-da-leitura-luxo-ii\/","title":{"rendered":"Cantinho da Leitura Luxo II"},"content":{"rendered":"<div class=\"wpb-content-wrapper\"><p>[vc_row el_class=&#8221;m-b-md&#8221;][vc_column][vc_column_text css=&#8221;&#8221;]Cantinho da Leitura Luxo I \u2013 Confeccionado em Polietileno Roto moldado com aditivos UV que permitem ficar exposto ao tempo sem perder a colora\u00e7\u00e3o. Este produto possui quatro prateleiras frontais uniforme ao padr\u00e3o do molde para acondicionar livros de v\u00e1rios tipos e tamanhos. Produzido e lan\u00e7ado com objetivo de garantir mais durabilidade em sua utiliza\u00e7\u00e3o. Produto leve e compacto. <\/p>\n<p>Medidas Aproximadas de:<br \/>\nComprimento: 770 mm x Largura: 350 mm x Altura: 800 mm. [\/vc_column_text][\/vc_column][\/vc_row]<\/p>\n<\/div>","protected":false},"excerpt":{"rendered":"<p>Cantinho da Leitura Luxo II \u2013 Confeccionado em Polietileno Roto moldado com aditivos UV que permitem ficar exposto ao tempo sem perder a colora\u00e7\u00e3o, este produto possui quatro prateleiras frontais e tr\u00eas prateleiras laterais, todas uniformes ao padr\u00e3o do molde para acondicionar livros de v\u00e1rios tipos e tamanhos. Produzido e lan\u00e7ado com objetivo de garantir mais durabilidade em sua utiliza\u00e7\u00e3o. Produto leve e compacto. <\/p>\n<p>Medidas Aproximadas de: Comprimento: 800 mm x Largura: 350 mm x Altura: 800 mm.<\/p>\n","protected":false},"featured_media":1866,"template":"","meta":[],"product_brand":[],"product_cat":[192],"product_tag":[888],"class_list":{"0":"post-1865","1":"product","2":"type-product","3":"status-publish","4":"has-post-thumbnail","6":"product_cat-brinquedos","7":"product_tag-a217","8":"pa_item-319","9":"pa_lote-217","10":"pa_marca-brink-mobil-cantinho-da-leitura-luxo-ii","11":"pa_n-ata-002-2024","12":"pa_pregao-eletronico-n-003-2024","13":"pa_processo-licitatorio-004-2024","14":"wcpv_product_vendors-vale-comercio-de-produtos-para-educacao-ltda","16":"first","17":"instock","18":"shipping-taxable","19":"purchasable","20":"product-type-simple"},"_links":{"self":[{"href":"https:\/\/bmsolucoesedu.com.br\/portal\/wp-json\/wp\/v2\/product\/1865","targetHints":{"allow":["GET"]}}],"collection":[{"href":"https:\/\/bmsolucoesedu.com.br\/portal\/wp-json\/wp\/v2\/product"}],"about":[{"href":"https:\/\/bmsolucoesedu.com.br\/portal\/wp-json\/wp\/v2\/types\/product"}],"wp:featuredmedia":[{"embeddable":true,"href":"https:\/\/bmsolucoesedu.com.br\/portal\/wp-json\/wp\/v2\/media\/1866"}],"wp:attachment":[{"href":"https:\/\/bmsolucoesedu.com.br\/portal\/wp-json\/wp\/v2\/media?parent=1865"}],"wp:term":[{"taxonomy":"product_brand","embeddable":true,"href":"https:\/\/bmsolucoesedu.com.br\/portal\/wp-json\/wp\/v2\/product_brand?post=1865"},{"taxonomy":"product_cat","embeddable":true,"href":"https:\/\/bmsolucoesedu.com.br\/portal\/wp-json\/wp\/v2\/product_cat?post=1865"},{"taxonomy":"product_tag","embeddable":true,"href":"https:\/\/bmsolucoesedu.com.br\/portal\/wp-json\/wp\/v2\/product_tag?post=1865"}],"curies":[{"name":"wp","href":"https:\/\/api.w.org\/{rel}","templated":true}]}}