{"id":1592,"date":"2024-09-17T17:01:27","date_gmt":"2024-09-17T20:01:27","guid":{"rendered":"https:\/\/bmsolucoesedu.com.br\/portal\/?post_type=product&#038;p=1592"},"modified":"2025-01-21T18:37:26","modified_gmt":"2025-01-21T21:37:26","slug":"bau-pedagogico-com-10-brinquedos","status":"publish","type":"product","link":"https:\/\/bmsolucoesedu.com.br\/portal\/produtos\/bau-pedagogico-com-10-brinquedos\/","title":{"rendered":"BA\u00da PEDAG\u00d3GICO &#8211; COM 10 BRINQUEDOS"},"content":{"rendered":"<div class=\"wpb-content-wrapper\"><p>[vc_row el_class=&#8221;m-b-md&#8221;][vc_column][vc_column_text css=&#8221;&#8221;]BA\u00da PEDAG\u00d3GICO &#8211; COM 10 BRINQUEDOS &#8211; CONJUNTO CONFECCIONADO EM MADEIRA, ACONDICIONADOS EM BA\u00da DE MADEIRA COM TAMPA E AL\u00c7A EM CORDA DE NYLON:<br \/>\n1 \u2013 DOMIN\u00d3 DE FORMAS GEOM\u00c9TRICAS<br \/>\n2 \u2013 JOGO DE PINOS<br \/>\n3 \u2013 PRANCHA DE SELE\u00c7\u00c3O<br \/>\n4 \u2013 REL\u00d3GIO<br \/>\n5 \u2013 BATE PINOS<br \/>\n6 \u2013 PASSA FIGURAS<br \/>\n7 \u2013 DOMIN\u00d3 TRADICIONAL<br \/>\n8 \u2013 CUBOS DE ENCAIXE<br \/>\n9 \u2013 PULA CORDA<br \/>\n10 \u2013 MATERIAL DOURADO INDIVIDUAL COM 111 PE\u00c7AS[\/vc_column_text][\/vc_column][\/vc_row]<\/p>\n<\/div>","protected":false},"excerpt":{"rendered":"<p>BA\u00da PEDAG\u00d3GICO &#8211; COM 10 BRINQUEDOS &#8211; CONJUNTO CONFECCIONADO EM MADEIRA, ACONDICIONADOS EM BA\u00da DE MADEIRA COM TAMPA E AL\u00c7A EM CORDA DE NYLON:<br \/>\n1 \u2013 DOMIN\u00d3 DE FORMAS GEOM\u00c9TRICAS<br \/>\n2 \u2013 JOGO DE PINOS<br \/>\n3 \u2013 PRANCHA DE SELE\u00c7\u00c3O<br \/>\n4 \u2013 REL\u00d3GIO<br \/>\n5 \u2013 BATE PINOS<br \/>\n6 \u2013 PASSA FIGURAS<br \/>\n7 \u2013 DOMIN\u00d3 TRADICIONAL<br \/>\n8 \u2013 CUBOS DE ENCAIXE<br \/>\n9 \u2013 PULA CORDA<br \/>\n10 \u2013 MATERIAL DOURADO INDIVIDUAL COM 111 PE\u00c7AS<\/p>\n","protected":false},"featured_media":1593,"template":"","meta":[],"product_brand":[],"product_cat":[192],"product_tag":[886],"class_list":{"0":"post-1592","1":"product","2":"type-product","3":"status-publish","4":"has-post-thumbnail","6":"product_cat-brinquedos","7":"product_tag-a184","8":"pa_item-354","9":"pa_lote-219","10":"pa_marca-maxi-toys-modelo-ref-105","11":"pa_n-ata-16-2024","12":"pa_pregao-pregao-eletronico-no-91-012-2024","13":"pa_processo-licitatorio-05060003-2024","14":"wcpv_product_vendors-smart-toys-comercio-de-brinquedos-ltda","16":"first","17":"instock","18":"shipping-taxable","19":"purchasable","20":"product-type-simple"},"_links":{"self":[{"href":"https:\/\/bmsolucoesedu.com.br\/portal\/wp-json\/wp\/v2\/product\/1592","targetHints":{"allow":["GET"]}}],"collection":[{"href":"https:\/\/bmsolucoesedu.com.br\/portal\/wp-json\/wp\/v2\/product"}],"about":[{"href":"https:\/\/bmsolucoesedu.com.br\/portal\/wp-json\/wp\/v2\/types\/product"}],"wp:featuredmedia":[{"embeddable":true,"href":"https:\/\/bmsolucoesedu.com.br\/portal\/wp-json\/wp\/v2\/media\/1593"}],"wp:attachment":[{"href":"https:\/\/bmsolucoesedu.com.br\/portal\/wp-json\/wp\/v2\/media?parent=1592"}],"wp:term":[{"taxonomy":"product_brand","embeddable":true,"href":"https:\/\/bmsolucoesedu.com.br\/portal\/wp-json\/wp\/v2\/product_brand?post=1592"},{"taxonomy":"product_cat","embeddable":true,"href":"https:\/\/bmsolucoesedu.com.br\/portal\/wp-json\/wp\/v2\/product_cat?post=1592"},{"taxonomy":"product_tag","embeddable":true,"href":"https:\/\/bmsolucoesedu.com.br\/portal\/wp-json\/wp\/v2\/product_tag?post=1592"}],"curies":[{"name":"wp","href":"https:\/\/api.w.org\/{rel}","templated":true}]}}