{"id":1586,"date":"2024-09-17T16:39:37","date_gmt":"2024-09-17T19:39:37","guid":{"rendered":"https:\/\/bmsolucoesedu.com.br\/portal\/?post_type=product&#038;p=1586"},"modified":"2025-01-21T18:37:26","modified_gmt":"2025-01-21T21:37:26","slug":"bau-pedagogico-de-alfabetizacao-com-10-brinquedos","status":"publish","type":"product","link":"https:\/\/bmsolucoesedu.com.br\/portal\/produtos\/bau-pedagogico-de-alfabetizacao-com-10-brinquedos\/","title":{"rendered":"BA\u00da PEDAG\u00d3GICO DE ALFABETIZA\u00c7\u00c3O &#8211; COM 10 BRINQUEDOS"},"content":{"rendered":"<div class=\"wpb-content-wrapper\"><p>[vc_row el_class=&#8221;m-b-md&#8221;][vc_column][vc_column_text css=&#8221;&#8221;]BA\u00da PEDAG\u00d3GICO DE ALFABETIZA\u00c7\u00c3O &#8211; COM 10 BRINQUEDOS<br \/>\n01 &#8211; ALFABETO M\u00d3VEL EM PL\u00c1STICO<br \/>\n02 &#8211; ALFABETO ILUSTRADO<br \/>\n03 &#8211; ALFABETO M\u00d3VEL EM MADEIRA<br \/>\n04 &#8211; DOMIN\u00d3 DE DIVIS\u00c3O SIL\u00c1BICA<br \/>\n05 &#8211; ALINHAVOS VOGAIS<br \/>\n06 &#8211; DOMIN\u00d3 DE ALFABETIZA\u00c7\u00c3O<br \/>\n07 &#8211; MEM\u00d3RIA DE ALFABETIZA\u00c7\u00c3O<br \/>\n08 &#8211; POTE DE LETRAS<br \/>\n09 &#8211; QUEBRA-CABE\u00c7AS DIVIS\u00c3O SIL\u00c1BICA<br \/>\n10 &#8211; QUEBRA-CABE\u00c7A MEU PRIMEIRO ALFABETO[\/vc_column_text][\/vc_column][\/vc_row]<\/p>\n<\/div>","protected":false},"excerpt":{"rendered":"<p>BA\u00da PEDAG\u00d3GICO DE ALFABETIZA\u00c7\u00c3O &#8211; COM 10 BRINQUEDOS<br \/>\n01 &#8211; ALFABETO M\u00d3VEL EM PL\u00c1STICO<br \/>\n02 &#8211; ALFABETO ILUSTRADO<br \/>\n03 &#8211; ALFABETO M\u00d3VEL EM MADEIRA<br \/>\n04 &#8211; DOMIN\u00d3 DE DIVIS\u00c3O SIL\u00c1BICA<br \/>\n05 &#8211; ALINHAVOS VOGAIS<br \/>\n06 &#8211; DOMIN\u00d3 DE ALFABETIZA\u00c7\u00c3O<br \/>\n07 &#8211; MEM\u00d3RIA DE ALFABETIZA\u00c7\u00c3O<br \/>\n08 &#8211; POTE DE LETRAS<br \/>\n09 &#8211; QUEBRA-CABE\u00c7AS DIVIS\u00c3O SIL\u00c1BICA<br \/>\n10 &#8211; QUEBRA-CABE\u00c7A MEU PRIMEIRO ALFABETO<\/p>\n","protected":false},"featured_media":1587,"template":"","meta":[],"product_brand":[],"product_cat":[192],"product_tag":[886],"class_list":{"0":"post-1586","1":"product","2":"type-product","3":"status-publish","4":"has-post-thumbnail","6":"product_cat-brinquedos","7":"product_tag-a184","8":"pa_item-348","9":"pa_lote-219","10":"pa_marca-maxi-toys-modelo-bau-de-alfabetizacao","11":"pa_n-ata-16-2024","12":"pa_pregao-pregao-eletronico-no-91-012-2024","13":"pa_processo-licitatorio-05060003-2024","14":"wcpv_product_vendors-smart-toys-comercio-de-brinquedos-ltda","16":"first","17":"instock","18":"shipping-taxable","19":"purchasable","20":"product-type-simple"},"_links":{"self":[{"href":"https:\/\/bmsolucoesedu.com.br\/portal\/wp-json\/wp\/v2\/product\/1586","targetHints":{"allow":["GET"]}}],"collection":[{"href":"https:\/\/bmsolucoesedu.com.br\/portal\/wp-json\/wp\/v2\/product"}],"about":[{"href":"https:\/\/bmsolucoesedu.com.br\/portal\/wp-json\/wp\/v2\/types\/product"}],"wp:featuredmedia":[{"embeddable":true,"href":"https:\/\/bmsolucoesedu.com.br\/portal\/wp-json\/wp\/v2\/media\/1587"}],"wp:attachment":[{"href":"https:\/\/bmsolucoesedu.com.br\/portal\/wp-json\/wp\/v2\/media?parent=1586"}],"wp:term":[{"taxonomy":"product_brand","embeddable":true,"href":"https:\/\/bmsolucoesedu.com.br\/portal\/wp-json\/wp\/v2\/product_brand?post=1586"},{"taxonomy":"product_cat","embeddable":true,"href":"https:\/\/bmsolucoesedu.com.br\/portal\/wp-json\/wp\/v2\/product_cat?post=1586"},{"taxonomy":"product_tag","embeddable":true,"href":"https:\/\/bmsolucoesedu.com.br\/portal\/wp-json\/wp\/v2\/product_tag?post=1586"}],"curies":[{"name":"wp","href":"https:\/\/api.w.org\/{rel}","templated":true}]}}