{"id":1552,"date":"2024-09-16T21:22:29","date_gmt":"2024-09-17T00:22:29","guid":{"rendered":"https:\/\/bmsolucoesedu.com.br\/portal\/?post_type=product&#038;p=1552"},"modified":"2025-01-21T18:37:29","modified_gmt":"2025-01-21T21:37:29","slug":"conjunto-de-atividades-e-agilidades-corporais-com-54-pecas","status":"publish","type":"product","link":"https:\/\/bmsolucoesedu.com.br\/portal\/produtos\/conjunto-de-atividades-e-agilidades-corporais-com-54-pecas\/","title":{"rendered":"CONJUNTO DE ATIVIDADES E AGILIDADES CORPORAIS &#8211; COM 54 PE\u00c7AS"},"content":{"rendered":"<div class=\"wpb-content-wrapper\"><p>[vc_row el_class=&#8221;m-b-md&#8221;][vc_column][vc_column_text css=&#8221;&#8221;]CONJUNTO DE ATIVIDADES E AGILIDADES CORPORAIS &#8211; O CONJUNTO \u00c9 CONFECCIONADO EM MADEIRA E EVA, CONTENDO 54 PE\u00c7AS. SENDO:<br \/>\n8 &#8211; FORMAS GEOM\u00c9TRICAS EM EVA (02 TRIANGULOS, 25 X 23 CM, 02 RET\u00c2NGULOS 36 X 23 CM, 02 C\u00cdRCULOS 30 CM DI\u00c2METRO, 02 QUADRADOS 33 X 33 CM)<br \/>\n4 &#8211; FORMAS GEOM\u00c9TRICAS EM MADEIRA, (01 TRIANGULO 50 X 51 CM, 01 QUADRADO 46 X 46 CM, 01 C\u00cdRCULO 48 CM DI\u00c2METRO, 01 RET\u00c2NGULO 46 X 36 CM) ACOMPANHAM SUPORTES<br \/>\n12 \u2013 M\u00c3OS EM EVA 16 X 13 CM<br \/>\n12 &#8211; P\u00c9S EM EVA 16 X 13 CM<br \/>\n2 &#8211; KRICTS 34 X 20 CM<br \/>\n2 &#8211; P\u00c9S DE PAU EM MADEIRA E CORDA 57 X 14 CM<br \/>\n2 &#8211; MARTELOS DE MADEIRA 50 X 8 CM<br \/>\n2 &#8211; BOLAS DE PL\u00c1STICO<br \/>\n2 &#8211; BOLAS DE BORRACHA<br \/>\n2 \u2013 (01 PAR) P\u00c9S DE DINOSSAURO EM EVA ALTA DENSIDADE SILKADO EM SILK SCREEN, BASE: 21,5 X 10CM, ESPESSURA: 2,4CM, CORD\u00c3O: 69CM, MANOPLAS: 13CM<br \/>\n1 &#8211; GANGORRA DE MADEIRA 35 X 10 X 20 CM<br \/>\n1 &#8211; CILINDRO EM MADEIRA 80 X 7CM<br \/>\n1 &#8211; PRANCHA DE EQUIL\u00cdBRIO EM MADEIRA 60 X 4 CM<br \/>\n1 &#8211; PALHA\u00c7O EM MDF 52 X 35 CM E 2 SUPORTES. <\/p>\n<p>COMPOSI\u00c7\u00c3O\/MATERIAL: MADEIRA E EVA<br \/>\nEMBALAGEM: PAPEL\u00c3O [\/vc_column_text][\/vc_column][\/vc_row]<\/p>\n<\/div>","protected":false},"excerpt":{"rendered":"<p>CONJUNTO DE ATIVIDADES E AGILIDADES CORPORAIS &#8211; O CONJUNTO \u00c9 CONFECCIONADO EM MADEIRA E EVA, CONTENDO 54 PE\u00c7AS. SENDO:<br \/>\n8 &#8211; FORMAS GEOM\u00c9TRICAS EM EVA (02 TRIANGULOS, 25 X 23 CM, 02 RET\u00c2NGULOS 36 X 23 CM, 02 C\u00cdRCULOS 30 CM DI\u00c2METRO, 02 QUADRADOS 33 X 33 CM)<br \/>\n4 &#8211; FORMAS GEOM\u00c9TRICAS EM MADEIRA, (01 TRIANGULO 50 X 51 CM, 01 QUADRADO 46 X 46 CM, 01 C\u00cdRCULO 48 CM DI\u00c2METRO, 01 RET\u00c2NGULO 46 X 36 CM) ACOMPANHAM SUPORTES<br \/>\n12 \u2013 M\u00c3OS EM EVA 16 X 13 CM<br \/>\n12 &#8211; P\u00c9S EM EVA 16 X 13 CM<br \/>\n2 &#8211; KRICTS 34 X 20 CM<br \/>\n2 &#8211; P\u00c9S DE PAU EM MADEIRA E CORDA 57 X 14 CM<br \/>\n2 &#8211; MARTELOS DE MADEIRA 50 X 8 CM<br \/>\n2 &#8211; BOLAS DE PL\u00c1STICO<br \/>\n2 &#8211; BOLAS DE BORRACHA<br \/>\n2 \u2013 (01 PAR) P\u00c9S DE DINOSSAURO EM EVA ALTA DENSIDADE SILKADO EM SILK SCREEN, BASE: 21,5 X 10CM, ESPESSURA: 2,4CM, CORD\u00c3O: 69CM, MANOPLAS: 13CM<br \/>\n1 &#8211; GANGORRA DE MADEIRA 35 X 10 X 20 CM<br \/>\n1 &#8211; CILINDRO EM MADEIRA 80 X 7CM<br \/>\n1 &#8211; PRANCHA DE EQUIL\u00cdBRIO EM MADEIRA 60 X 4 CM<br \/>\n1 &#8211; PALHA\u00c7O EM MDF 52 X 35 CM E 2 SUPORTES.<\/p>\n<p>COMPOSI\u00c7\u00c3O\/MATERIAL: MADEIRA E EVA<br \/>\nEMBALAGEM: PAPEL\u00c3O<\/p>\n","protected":false},"featured_media":1555,"template":"","meta":[],"product_brand":[],"product_cat":[192],"product_tag":[886],"class_list":{"0":"post-1552","1":"product","2":"type-product","3":"status-publish","4":"has-post-thumbnail","6":"product_cat-brinquedos","7":"product_tag-a184","8":"pa_item-317","9":"pa_lote-219","10":"pa_marca-maxi-toys-modelo-ref-112","11":"pa_n-ata-16-2024","12":"pa_pregao-pregao-eletronico-no-91-012-2024","13":"pa_processo-licitatorio-05060003-2024","14":"wcpv_product_vendors-smart-toys-comercio-de-brinquedos-ltda","16":"first","17":"instock","18":"shipping-taxable","19":"purchasable","20":"product-type-simple"},"_links":{"self":[{"href":"https:\/\/bmsolucoesedu.com.br\/portal\/wp-json\/wp\/v2\/product\/1552","targetHints":{"allow":["GET"]}}],"collection":[{"href":"https:\/\/bmsolucoesedu.com.br\/portal\/wp-json\/wp\/v2\/product"}],"about":[{"href":"https:\/\/bmsolucoesedu.com.br\/portal\/wp-json\/wp\/v2\/types\/product"}],"wp:featuredmedia":[{"embeddable":true,"href":"https:\/\/bmsolucoesedu.com.br\/portal\/wp-json\/wp\/v2\/media\/1555"}],"wp:attachment":[{"href":"https:\/\/bmsolucoesedu.com.br\/portal\/wp-json\/wp\/v2\/media?parent=1552"}],"wp:term":[{"taxonomy":"product_brand","embeddable":true,"href":"https:\/\/bmsolucoesedu.com.br\/portal\/wp-json\/wp\/v2\/product_brand?post=1552"},{"taxonomy":"product_cat","embeddable":true,"href":"https:\/\/bmsolucoesedu.com.br\/portal\/wp-json\/wp\/v2\/product_cat?post=1552"},{"taxonomy":"product_tag","embeddable":true,"href":"https:\/\/bmsolucoesedu.com.br\/portal\/wp-json\/wp\/v2\/product_tag?post=1552"}],"curies":[{"name":"wp","href":"https:\/\/api.w.org\/{rel}","templated":true}]}}