{"id":1458,"date":"2024-09-10T17:29:48","date_gmt":"2024-09-10T20:29:48","guid":{"rendered":"https:\/\/bmsolucoesedu.com.br\/portal\/?post_type=product&#038;p=1458"},"modified":"2025-03-06T18:32:50","modified_gmt":"2025-03-06T21:32:50","slug":"escorregador-medio","status":"publish","type":"product","link":"https:\/\/bmsolucoesedu.com.br\/portal\/produtos\/escorregador-medio\/","title":{"rendered":"Escorregador M\u00e9dio"},"content":{"rendered":"<div class=\"wpb-content-wrapper\"><p>[vc_row el_class=&#8221;m-b-md&#8221;][vc_column][vc_column_text css=&#8221;&#8221;]Escorregador M\u00e9dio \u2013 Confeccionado em Polietileno Roto moldado com aditivos UV. Com rampa ondulada, bordas salientes e anat\u00f4micas, encaixe inferior. Escada de acesso com tr\u00eas degraus antiderrapantes e ressaltos laterais (corrim\u00e3o). Com base de apoio para maior estabilidade e haste de seguran\u00e7a confeccionada em polietileno roto moldado para prender a rampa na escada para maior sustentabilidade e seguran\u00e7a do escorregador. Todos os componentes com extremidades arredondadas.<\/p>\n<p>Medidas do escorregador montado: Comprimento: 1,46m X Largura: 0,60m X Altura: 0,92m.<\/p>\n<p>Com conformidade com a norma NBR 300-1\/2011 eNBR 300-3\/2011 com a Portaria 369\/07 &#8211; Certificado pelo INMETRO.[\/vc_column_text][\/vc_column][\/vc_row]<\/p>\n<\/div>","protected":false},"excerpt":{"rendered":"<p>Escorregador M\u00e9dio \u2013 Confeccionado em Polietileno Roto moldado com aditivos UV. Com rampa ondulada, bordas salientes e anat\u00f4micas, encaixe inferior. Escada de acesso com tr\u00eas degraus antiderrapantes e ressaltos laterais (corrim\u00e3o). Com base de apoio para maior estabilidade e haste de seguran\u00e7a confeccionada em polietileno roto moldado para prender a rampa na escada para maior sustentabilidade e seguran\u00e7a do escorregador. Todos os componentes com extremidades arredondadas.<\/p>\n<p>Medidas do escorregador montado: Comprimento: 1,46m X Largura: 0,60m X Altura: 0,92m.<\/p>\n<p>Com conformidade com a norma NBR 300-1\/2011 eNBR 300-3\/2011 com a Portaria 369\/07 &#8211; Certificado pelo INMETRO.<\/p>\n","protected":false},"featured_media":1459,"template":"","meta":[],"product_brand":[],"product_cat":[192],"product_tag":[888],"class_list":{"0":"post-1458","1":"product","2":"type-product","3":"status-publish","4":"has-post-thumbnail","6":"product_cat-brinquedos","7":"product_tag-a217","8":"pa_item-301","9":"pa_lote-217","10":"pa_marca-nabre-escorregador-med","11":"pa_n-ata-002-2024","12":"pa_pregao-eletronico-n-003-2024","13":"pa_processo-licitatorio-004-2024","14":"wcpv_product_vendors-vale-comercio-de-produtos-para-educacao-ltda","16":"first","17":"instock","18":"shipping-taxable","19":"purchasable","20":"product-type-simple"},"_links":{"self":[{"href":"https:\/\/bmsolucoesedu.com.br\/portal\/wp-json\/wp\/v2\/product\/1458","targetHints":{"allow":["GET"]}}],"collection":[{"href":"https:\/\/bmsolucoesedu.com.br\/portal\/wp-json\/wp\/v2\/product"}],"about":[{"href":"https:\/\/bmsolucoesedu.com.br\/portal\/wp-json\/wp\/v2\/types\/product"}],"wp:featuredmedia":[{"embeddable":true,"href":"https:\/\/bmsolucoesedu.com.br\/portal\/wp-json\/wp\/v2\/media\/1459"}],"wp:attachment":[{"href":"https:\/\/bmsolucoesedu.com.br\/portal\/wp-json\/wp\/v2\/media?parent=1458"}],"wp:term":[{"taxonomy":"product_brand","embeddable":true,"href":"https:\/\/bmsolucoesedu.com.br\/portal\/wp-json\/wp\/v2\/product_brand?post=1458"},{"taxonomy":"product_cat","embeddable":true,"href":"https:\/\/bmsolucoesedu.com.br\/portal\/wp-json\/wp\/v2\/product_cat?post=1458"},{"taxonomy":"product_tag","embeddable":true,"href":"https:\/\/bmsolucoesedu.com.br\/portal\/wp-json\/wp\/v2\/product_tag?post=1458"}],"curies":[{"name":"wp","href":"https:\/\/api.w.org\/{rel}","templated":true}]}}