{"id":1451,"date":"2024-09-10T15:12:20","date_gmt":"2024-09-10T18:12:20","guid":{"rendered":"https:\/\/bmsolucoesedu.com.br\/portal\/?post_type=product&#038;p=1451"},"modified":"2025-01-21T20:06:37","modified_gmt":"2025-01-21T23:06:37","slug":"casinha-infantil","status":"publish","type":"product","link":"https:\/\/bmsolucoesedu.com.br\/portal\/produtos\/casinha-infantil\/","title":{"rendered":"Casinha Infantil"},"content":{"rendered":"<div class=\"wpb-content-wrapper\"><p>[vc_row el_class=&#8221;m-b-md&#8221;][vc_column][vc_column_text css=&#8221;&#8221;]Casinha Infantil &#8211; Confeccionada em Polietileno Roto moldado com aditivos UV, com sistemas de encaixe com rosca em inje\u00e7\u00e3o pl\u00e1stica.<br \/>\nComposta por quatro paredes texturizadas com acabamento que imita pedra, uma porta, tr\u00eas janelas, uma chamin\u00e9, um fog\u00e3o cooktop em pl\u00e1stico encaixado em uma das janelas na parte interna da casinha, telhado com design de palha seca formado por duas pe\u00e7as, possui na sua parte interna uma lareira uniforme no pr\u00f3prio molde da parede. Contendo um total de 16 parafusos pl\u00e1sticos roscas de Nylon de alta precis\u00e3o medindo aproximadamente cada 26mm de comprimento x 26mm de largura. <\/p>\n<p>Medidas aproximadamente: comprimento: 1.560 mm X largura: 1.390 mm X altura: 1.260 mm. <\/p>\n<p>Com conformidade com a norma NBR 300-1\/2011 eNBR 300-3\/2011 com a Portaria 369\/07 &#8211; Certificado pelo INMETRO.[\/vc_column_text][\/vc_column][\/vc_row]<\/p>\n<\/div>","protected":false},"excerpt":{"rendered":"<p>Casinha Infantil &#8211; Confeccionada em Polietileno Roto moldado com aditivos UV, com sistemas de encaixe com rosca em inje\u00e7\u00e3o pl\u00e1stica.<br \/>\nComposta por quatro paredes texturizadas com acabamento que imita pedra, uma porta, tr\u00eas janelas, uma chamin\u00e9, um fog\u00e3o cooktop em pl\u00e1stico encaixado em uma das janelas na parte interna da casinha, telhado com design de palha seca formado por duas pe\u00e7as, possui na sua parte interna uma lareira uniforme no pr\u00f3prio molde da parede. Contendo um total de 16 parafusos pl\u00e1sticos roscas de Nylon de alta precis\u00e3o medindo aproximadamente cada 26mm de comprimento x 26mm de largura. <\/p>\n<p>Medidas aproximadamente: comprimento: 1.560 mm X largura: 1.390 mm X altura: 1.260 mm. <\/p>\n<p>Com conformidade com a norma NBR 300-1\/2011 eNBR 300-3\/2011 com a Portaria 369\/07 &#8211; Certificado pelo INMETRO.<\/p>\n","protected":false},"featured_media":1453,"template":"","meta":[],"product_brand":[],"product_cat":[192],"product_tag":[888],"class_list":{"0":"post-1451","1":"product","2":"type-product","3":"status-publish","4":"has-post-thumbnail","6":"product_cat-brinquedos","7":"product_tag-a217","8":"pa_item-292","9":"pa_lote-217","10":"pa_marca-nabre-casinha-infantil","11":"pa_n-ata-002-2024","12":"pa_pregao-eletronico-n-003-2024","13":"pa_processo-licitatorio-004-2024","14":"wcpv_product_vendors-vale-comercio-de-produtos-para-educacao-ltda","16":"first","17":"instock","18":"shipping-taxable","19":"purchasable","20":"product-type-simple"},"_links":{"self":[{"href":"https:\/\/bmsolucoesedu.com.br\/portal\/wp-json\/wp\/v2\/product\/1451","targetHints":{"allow":["GET"]}}],"collection":[{"href":"https:\/\/bmsolucoesedu.com.br\/portal\/wp-json\/wp\/v2\/product"}],"about":[{"href":"https:\/\/bmsolucoesedu.com.br\/portal\/wp-json\/wp\/v2\/types\/product"}],"wp:featuredmedia":[{"embeddable":true,"href":"https:\/\/bmsolucoesedu.com.br\/portal\/wp-json\/wp\/v2\/media\/1453"}],"wp:attachment":[{"href":"https:\/\/bmsolucoesedu.com.br\/portal\/wp-json\/wp\/v2\/media?parent=1451"}],"wp:term":[{"taxonomy":"product_brand","embeddable":true,"href":"https:\/\/bmsolucoesedu.com.br\/portal\/wp-json\/wp\/v2\/product_brand?post=1451"},{"taxonomy":"product_cat","embeddable":true,"href":"https:\/\/bmsolucoesedu.com.br\/portal\/wp-json\/wp\/v2\/product_cat?post=1451"},{"taxonomy":"product_tag","embeddable":true,"href":"https:\/\/bmsolucoesedu.com.br\/portal\/wp-json\/wp\/v2\/product_tag?post=1451"}],"curies":[{"name":"wp","href":"https:\/\/api.w.org\/{rel}","templated":true}]}}