{"id":1447,"date":"2024-09-10T14:29:34","date_gmt":"2024-09-10T17:29:34","guid":{"rendered":"https:\/\/bmsolucoesedu.com.br\/portal\/?post_type=product&#038;p=1447"},"modified":"2025-01-21T20:06:37","modified_gmt":"2025-01-21T23:06:37","slug":"casinha-para-recreacao","status":"publish","type":"product","link":"https:\/\/bmsolucoesedu.com.br\/portal\/produtos\/casinha-para-recreacao\/","title":{"rendered":"Casinha para Recrea\u00e7\u00e3o &#8211; com Acessibilidade"},"content":{"rendered":"<div class=\"wpb-content-wrapper\"><p>[vc_row el_class=&#8221;m-b-md&#8221;][vc_column][vc_column_text css=&#8221;&#8221;]Casinha para Recrea\u00e7\u00e3o &#8211; Confeccionada pelo processo de rotomoldagem com aditivos antiest\u00e1ticos e UV, desenvolvida especialmente pensando na acessibilidade com entrada para portadores de cadeira de rodas com no m\u00ednimo de 15 acess\u00f3rios. <\/p>\n<p>CARACTER\u00cdSTICAS: Telhado 2 \u00e1guas,4 janelas com abertura m\u00e1xima,2 portas conjuntas, 1 chamin\u00e9,1 campainha cenogr\u00e1fica, 1 jogo da velha, 1 caixa de<br \/>\ncorreios,2 mesas fixas por sistema de trava ou rosca, 1 banco com sistema de trava ou rosca, 1 balc\u00e3o modular contendo: 1 pia, 1 fog\u00e3o 4 bocas, 1 escorredor de pratos m 1 t\u00e1bua de carne, 1 micro-ondas,1 lava-lou\u00e7as e 1 porta talheres. Modulo ficado atrav\u00e9s de trava ou rosca, que poder\u00e1 ser usado interno\/externo. <\/p>\n<p>Medidas aproximadas de: 2.550mm de comprimento x 2.340mm de largura x 1.820mm de altura. <\/p>\n<p>Com conformidade com a norma NBR 300-1\/2011 e NBR 300-3\/2011 com a Portaria 369\/07 &#8211; Certificado pelo INMETRO.[\/vc_column_text][\/vc_column][\/vc_row]<\/p>\n<\/div>","protected":false},"excerpt":{"rendered":"<p>Casinha para Recrea\u00e7\u00e3o &#8211; Confeccionada pelo processo de rotomoldagem com aditivos antiest\u00e1ticos e UV, desenvolvida especialmente pensando na acessibilidade com entrada para portadores de cadeira de rodas com no m\u00ednimo de 15 acess\u00f3rios. <\/p>\n<p>CARACTER\u00cdSTICAS: Telhado 2 \u00e1guas,4 janelas com abertura m\u00e1xima,2 portas conjuntas, 1 chamin\u00e9,1 campainha cenogr\u00e1fica, 1 jogo da velha, 1 caixa de<br \/>\ncorreios,2 mesas fixas por sistema de trava ou rosca, 1 banco com sistema de trava ou rosca, 1 balc\u00e3o modular contendo: 1 pia, 1 fog\u00e3o 4 bocas, 1 escorredor de pratos m 1 t\u00e1bua de carne, 1 micro-ondas,1 lava-lou\u00e7as e 1 porta talheres. Modulo ficado atrav\u00e9s de trava ou rosca, que poder\u00e1 ser usado interno\/externo. <\/p>\n<p>Medidas aproximadas de: 2.550mm de comprimento x 2.340mm de largura x 1.820mm de altura. <\/p>\n<p>Com conformidade com a norma NBR 300-1\/2011 e NBR 300-3\/2011 com a Portaria 369\/07 &#8211; Certificado pelo INMETRO.<\/p>\n","protected":false},"featured_media":1448,"template":"","meta":[],"product_brand":[],"product_cat":[192],"product_tag":[888],"class_list":{"0":"post-1447","1":"product","2":"type-product","3":"status-publish","4":"has-post-thumbnail","6":"product_cat-brinquedos","7":"product_tag-a217","8":"pa_item-311","9":"pa_lote-217","10":"pa_marca-nabre-casinha-recreacao-com-acessibilidade","11":"pa_n-ata-002-2024","12":"pa_pregao-eletronico-n-003-2024","13":"pa_processo-licitatorio-004-2024","14":"wcpv_product_vendors-vale-comercio-de-produtos-para-educacao-ltda","16":"first","17":"instock","18":"shipping-taxable","19":"purchasable","20":"product-type-simple"},"_links":{"self":[{"href":"https:\/\/bmsolucoesedu.com.br\/portal\/wp-json\/wp\/v2\/product\/1447","targetHints":{"allow":["GET"]}}],"collection":[{"href":"https:\/\/bmsolucoesedu.com.br\/portal\/wp-json\/wp\/v2\/product"}],"about":[{"href":"https:\/\/bmsolucoesedu.com.br\/portal\/wp-json\/wp\/v2\/types\/product"}],"wp:featuredmedia":[{"embeddable":true,"href":"https:\/\/bmsolucoesedu.com.br\/portal\/wp-json\/wp\/v2\/media\/1448"}],"wp:attachment":[{"href":"https:\/\/bmsolucoesedu.com.br\/portal\/wp-json\/wp\/v2\/media?parent=1447"}],"wp:term":[{"taxonomy":"product_brand","embeddable":true,"href":"https:\/\/bmsolucoesedu.com.br\/portal\/wp-json\/wp\/v2\/product_brand?post=1447"},{"taxonomy":"product_cat","embeddable":true,"href":"https:\/\/bmsolucoesedu.com.br\/portal\/wp-json\/wp\/v2\/product_cat?post=1447"},{"taxonomy":"product_tag","embeddable":true,"href":"https:\/\/bmsolucoesedu.com.br\/portal\/wp-json\/wp\/v2\/product_tag?post=1447"}],"curies":[{"name":"wp","href":"https:\/\/api.w.org\/{rel}","templated":true}]}}